by 2358?
2350
Calculate the remainder when 36994028 is divided by 754980.
8
What is the remainder when 50445640 is divided by 73?
12
Calculate the remainder when 85383459 is divided by 1340.
1339
What is the remainder when 2425264 is divided by 18?
16
Calculate the remainder when 367946 is divided by 91599.
1550
What is the remainder when 4940938 is divided by 380057?
197
What is the remainder when 258520349 is divided by 66?
65
What is the remainder when 11728996 is divided by 693?
664
Calculate the remainder when 753436 is divided by 753406.
30
Calculate the remainder when 3340609 is divided by 6831.
250
Calculate the remainder when 744948 is divided by 1976.
1972
What is the remainder when 3306239 is divided by 64?
63
What is the remainder when 2556630 is divided by 369?
198
Calculate the remainder when 9906050 is divided by 1884.
1862
Calculate the remainder when 65063664 is divided by 45.
9
What is the remainder when 2405002 is divided by 1850?
2
Calculate the remainder when 222128528 is divided by 41.
40
What is the remainder when 1131221 is divided by 376827?
740
What is the remainder when 1413775 is divided by 1413735?
40
Calculate the remainder when 3637460 is divided by 242496.
20
What is the remainder when 6816176 is divided by 7115?
6
What is the remainder when 5345361 is divided by 877?
46
What is the remainder when 6429606 is divided by 1278?
1266
What is the remainder when 30713 is divided by 4374?
95
What is the remainder when 20689 is divided by 20653?
36
Calculate the remainder when 149330 is divided by 7454.
250
Calculate the remainder when 291104762 is divided by 9703492.
2
Calculate the remainder when 72506697 is divided by 1530.
1527
Calculate the remainder when 508608 is divided by 1352.
256
What is the remainder when 283095 is divided by 1564?
11
What is the remainder when 323523350 is divided by 254?
248
Calculate the remainder when 3179666 is divided by 369.
362
What is the remainder when 728064 is divided by 363972?
120
What is the remainder when 150441 is divided by 37570?
161
What is the remainder when 204312 is divided by 72?
48
Calculate the remainder when 12497175 is divided by 1946.
1909
Calculate the remainder when 142924 is divided by 47630.
34
Calculate the remainder when 1807039 is divided by 225874.
47
Calculate the remainder when 111357342 is divided by 119.
117
Calculate the remainder when 13654025 is divided by 53.
6
Calculate the remainder when 412165 is divided by 6368.
4613
Calculate the remainder when 65701310 is divided by 378.
374
What is the remainder when 8633125 is divided by 863?
536
Calculate the remainder when 1135848 is divided by 161.
154
Calculate the remainder when 10645651 is divided by 42.
37
Calculate the remainder when 294093 is divided by 58600.
1093
What is the remainder when 39806 is divided by 19687?
432
What is the remainder when 2676282 is divided by 267628?
2
Calculate the remainder when 1939101 is divided by 969537.
27
Calculate the remainder when 17540409 is divided by 1178.
1167
Calculate the remainder when 17506144 is divided by 95.
19
Calculate the remainder when 407831 is divided by 106.
49
What is the remainder when 177013 is divided by 2019?
1360
What is the remainder when 5874603 is divided by 1596?
1323
What is the remainder when 440839 is divided by 370?
169
What is the remainder when 4649164 is divided by 4386?
4
What is the remainder when 4742922 is divided by 417?
381
What is the remainder when 17448 is divided by 3385?
523
Calculate the remainder when 16704479 is divided by 156.
155
Calculate the remainder when 225414 is divided by 239.
37
Calculate the remainder when 5955805 is divided by 1431.
1414
What is the remainder when 2709951 is divided by 1677?
1596
Calculate the remainder when 47978 is divided by 11912.
330
Calculate the remainder when 16749279 is divided by 34.
29
Calculate the remainder when 728994 is divided by 2893.
2851
Calculate the remainder when 3303381 is divided by 1486.
3
Calculate the remainder when 3603435 is divided by 75.
60
Calculate the remainder when 3448948 is divided by 6.
4
What is the remainder when 18250723 is divided by 459?
424
What is the remainder when 2857645 is divided by 317514?
19
Calculate the remainder when 147164 is divided by 110.
94
What is the remainder when 19838 is divided by 1045?
1028
What is the remainder when 5136 is divided by 992?
176
Calculate the remainder when 2176101 is divided by 4335.
4266
Calculate the remainder when 556197 is divided by 185351.
144
Calculate the remainder when 25544170 is divided by 516.
106
What is the remainder when 7433285 is divided by 4176?
5
What is the remainder when 808213 is divided by 24491?
10
Calculate the remainder when 700068 is divided by 274.
272
What is the remainder when 20707076 is divided by 71?
68
Calculate the remainder when 501208 is divided by 1109.
1049
What is the remainder when 34677087 is divided by 133?
130
What is the remainder when 37505380 is divided by 45?
40
What is the remainder when 2534208 is divided by 3917?
3826
What is the remainder when 833660 is divided by 832478?
1182
Calculate the remainder when 1010523 is divided by 33679.
153
Calculate the remainder when 92149328 is divided by 1460.
1428
Calculate the remainder when 368626 is divided by 62.
36
What is the remainder when 5763389 is divided by 4373?
4148
What is the remainder when 2547379 is divided by 349?
28
Calculate the remainder when 1439491 is divided by 2571.
2302
Calculate the remainder when 45987 is divided by 22946.
95
Calculate the remainder when 19415051 is divided by 264.
227
Calculate the remainder when 368636 is divided by 15907.
2775
Calculate the remainder when 448016 is divided by 115.
91
Calculate the remainder when 677078038 is divided by 170.
168
What is the remainder when 214592002 is divided by 132?
130
Calculate the remainder when 822296 is divided by 51393.
8
What is the remainder when 7870 is divided by 2435?
565
Calculate the remainder when 2243911 is divided by 1870.
1781
Calculate the remainder when 1403538 is divided by 467672.
522
What is the remainder when 2686004 is divided by 133?
69
Calculate the remainder when 158462245 is divided by 11.
7
Calculate the remainder when 1967809 is divided by 23.
21
What is the remainder when 246618 is divided by 11703?
855
What is the remainder when 2653934 is divided by 33592?
166
Calculate the remainder when 13407185 is divided by 102.
101
What is the remainder when 901098 is divided by 3?
0
Calculate the remainder when 32836250 is divided by 1023.
1019
What is the remainder when 18297065 is divided by 9148429?
207
Calculate the remainder when 1430340 is divided by 6534.
5928
Calculate the remainder when 1753775 is divided by 1753677.
98
Calculate the remainder when 1185765 is divided by 592846.
73
What is the remainder when 5932320 is divided by 982?
58
Calculate the remainder when 24641 is divided by 4755.
866
What is the remainder when 17727743 is divided by 362?
241
Calculate the remainder when 3136439 is divided by 34849.
29
What is the remainder when 205885 is divided by 49?
36
Calculate the remainder when 904173 is divided by 56508.
45
Calculate the remainder when 5892535 is divided by 1964163.
46
Calculate the remainder when 4036953 is divided by 977.
966
Calculate the remainder when 84657 is divided by 10563.
153
Calculate the remainder when 25542 is divided by 25534.
8
What is the remainder when 11456447 is divided by 168477?
11
What is the remainder when 101151719 is divided by 8?
7
What is the remainder when 8800186 is divided by 862?
28
Calculate the remainder when 8070444 is divided by 713.
710
What is the remainder when 15159804 is divided by 1856?
1852
What is the remainder when 2474572 is divided by 1237196?
180
What is the remainder when 2191806 is divided by 2531?
2491
Calculate the remainder when 382865 is divided by 7278.
4409
Calculate the remainder when 43353 is divided by 14029.
1266
Calculate the remainder when 21937 is divided by 21873.
64
Calculate the remainder when 81829 is divided by 81615.
214
Calculate the remainder when 3298436 is divided by 1240.
36
Calculate the remainder when 563184669 is divided by 115.
114
Calculate the remainder when 48346 is divided by 956.
546
Calculate the r